digit of x(7)?
8
Let a = 29 + -41. Let f(o) = o + 23. Let j be f(4). Let q = j + a. What is the tens digit of q?
1
Suppose -46*p + 32745 = -9*p. What is the tens digit of p?
8
Suppose -4*s + 95 = -1477. What is the hundreds digit of s?
3
Suppose 3*a = 5001 + 8481. What is the units digit of a?
4
Let d(p) = 2 - 3*p**2 + 7*p**2 + 7*p**2 - 2*p**2. Let r be d(2). Suppose r = 8*b - 6*b. What is the units digit of b?
9
Let p be 2*(-17 + 15)/(4/(-5)). Suppose 112 = 7*o - p*o. What is the tens digit of o?
5
Let t be (-1043)/(-7) - 2/(-2). Let y = t + -61. Suppose 3*q + l - y = 0, 0*l = -5*q + 3*l + 153. What is the units digit of q?
0
Let w(q) be the third derivative of q**8/20160 - q**7/2520 - 3*q**5/20 - 5*q**2. Let u(k) be the third derivative of w(k). What is the units digit of u(-3)?
5
Let s(o) = 9*o - 1. Let f be s(-2). Let x be (-5)/((-15)/(-6)) + -1 + 1. Let p = x - f. What is the units digit of p?
7
Let v be (0 - 20)/(18/45). Let h be (4/4 - 1) + -32. Let n = h - v. What is the tens digit of n?
1
Let q(d) = -d**3 - 4*d**2 - 2*d + 2. Let j be q(-6). Let o = j + 51. What is the tens digit of o?
3
Suppose -5*j + 5 = -5. Suppose 0 = -j*c + 4*u + 8 + 14, -2*u = -3*c + 37. Suppose -c*x = -16*x + 135. What is the units digit of x?
5
Let y(j) = 11*j**2 - 10*j**2 - 27 + 3*j - 9*j. What is the units digit of y(-14)?
3
Let h be (2 + 20/(-8))*-8. Let k = -7 + h. Let m(u) = -17*u - 5. What is the units digit of m(k)?
6
Let n(w) be the third derivative of w**4/2 + 7*w**3/3 + 11*w**2. What is the tens digit of n(5)?
7
Let f be 0 - 25 - (-4 - -3). Let h be 16/f*42/(-4). Let r = h + 9. What is the units digit of r?
6
Suppose -6*b = -4*b - 20. Suppose q - b = -u, 13 = 3*q - 2*q + 4*u. Suppose q*t - 392 = t. What is the units digit of t?
9
Suppose 0 = -k - 3*k - 3*v + 2796, -v - 2796 = -4*k. What is the tens digit of k?
9
Let j = 6289 + -3027. What is the tens digit of j?
6
Let p be (-3)/(-6)*10 + -2. Suppose -p*z + 367 = x - 0*x, 5*x = -z + 99. Suppose 3*d + z = 7*d. What is the units digit of d?
1
Let a(p) = p**3 - 11*p**2 + 10*p + 4. Let q be a(10). Suppose -g - 2*b - 8 = 0, 31 = -3*g - 3*b + q*b. What is the tens digit of (-245)/7*4/g?
1
Suppose 11*a + 9324 = 20*a. What is the units digit of a?
6
Let x(z) = z**3 - 17*z**2 - 18*z + 3. Let n be x(18). Suppose -5*o = -2*o + 6. What is the units digit of 39 + (0 - (n + o))?
8
Let c be 0/1 + 189 + -6. Suppose 4*j - c - 421 = 0. What is the hundreds digit of j?
1
Suppose -6*p - 13 = -7*p. Let s = p + -10. What is the units digit of -6*(48/(-9) + s)?
4
Let s be (-135)/(-21) - 18/42. Let d = 32 + s. What is the tens digit of d?
3
Let y(p) = p**3 + 5*p**2 - 6*p + 2. Let l be y(-6). Suppose 2*x + 3*u = 12, -4*x + 2*u = -l*u - 24. Suppose -t + x = -4. What is the units digit of t?
0
Suppose 9 + 3 = 3*t. Suppose t*h - 208 = 196. Suppose h = 4*r - 11. What is the units digit of r?
8
Let k = 13 - 12. Let x be -3 + k - 7*-9. Let t = x - 27. What is the units digit of t?
4
Let x be (-1 - 1)/(4/(-58)). Suppose 0 = -m + 1 + 18. Let l = x - m. What is the units digit of l?
0
Let j be 3 + -2 - -2 - (7 - 6). Suppose -13*y + 990 = -j*y. What is the tens digit of y?
9
Suppose 2*z - 1185 + 99 = 0. What is the tens digit of z?
4
Let f be (-4 - 100/(-15))*276. Suppose -4*n - n - 740 = -5*q, -5*q = -4*n - f. What is the hundreds digit of q?
1
Let j(u) be the second derivative of -2*u**3 + 3*u**2 - 4*u. Suppose 0 = l + 3. What is the units digit of j(l)?
2
Let k = -42 - -46. What is the tens digit of (-33)/12 + 3 - (-143)/k?
3
Let o(d) = -2*d**2 + 25*d - 29. Let l(i) = i**2 - 13*i + 14. Let n(t) = -5*l(t) - 2*o(t). What is the tens digit of n(9)?
4
Suppose -2856 + 7396 = 10*q. Suppose -2*r + q = n, -6*r = -r + 5*n - 1125. What is the hundreds digit of r?
2
Let s = -5212 + 8570. What is the units digit of s?
8
What is the units digit of (310/(-30) + 11)*873/2?
1
Let s(p) = -4*p**3 - 10*p**2 + 10*p + 2. What is the hundreds digit of s(-5)?
2
Let i = -30 + 34. Suppose 3*f = i*w - 76, 2*w - 48 = -0*w - f. Let c = w + -19. What is the units digit of c?
3
Let k = 16 - 14. Suppose -4*t = -k*z - 11 + 1, 2*z = -3*t + 4. What is the tens digit of (1 - -5)/t + 20?
2
Let n be 14/77 + (-255)/11. Let k(m) = m**2 + 17*m + 49. What is the tens digit of k(n)?
8
Let k(w) = -68*w - 38. Let n be k(-9). Suppose 245 = 7*g - n. What is the units digit of g?
7
Suppose 0 = 4*j + 3*a - 3250 - 3991, 9056 = 5*j - a. What is the tens digit of j?
1
Let y = 894 - 533. What is the tens digit of y?
6
Suppose -2*z - 30 = -8*z. What is the units digit of 13/((-65)/(-140))*z/2?
0
Let o = -44 - -33. Let m be 6 + -1 + (-15 - o). Let i(n) = 5*n**3 - 2*n**2 + n. What is the units digit of i(m)?
4
Let y(b) = -439*b**3 + 1. What is the units digit of y(-1)?
0
What is the thousands digit of -3 + 2 + 2 + 19170/5?
3
Let c = 82 + -83. Let j(l) = 14*l**3 + 1. Let d(a) = 14*a**3 + 1. Let s(f) = 6*d(f) - 7*j(f). What is the tens digit of s(c)?
1
Let s(b) = -b - 2. Let m be s(-4). Suppose q + 32 = -u, 3*q + 81 = -0*u + m*u. Let j = 37 + q. What is the units digit of j?
8
Let f(n) = 46*n**2 - 6*n - 38. What is the thousands digit of f(-6)?
1
Let k be 4 - (-27)/(-6) - (-5)/(-2). Let o(g) = -g**2 - 15*g + 3. Let h be o(-15). What is the tens digit of 9 - (k - (-4 + h))?
1
Let f(n) = -19*n - 12*n + 26*n**2 - 2 + 35*n. What is the tens digit of f(-2)?
9
Suppose 0 = -5*x + 1393 + 932. What is the hundreds digit of x?
4
Let o(i) = -i**3 + i**2 + 9. Let h be o(0). Suppose -2*k - h = 23. Let b = 9 - k. What is the units digit of b?
5
Suppose -3*l - 15384 = -3*m, 6*m + 21*l = 25*l + 30760. What is the tens digit of m?
2
Suppose -2*f + 155 = 5*o, 2*f - f = 5*o - 170. Suppose -3 = 5*p - o. Suppose p = -2*t, -4*t - 12 - 65 = -5*y. What is the units digit of y?
3
Suppose 9*k = 16732 + 10943. What is the thousands digit of k?
3
Let z be 1*(8 - (0 + 2)). Let c(u) = u**3 - 12*u**2 + 10*u + 14. Let q be c(11). What is the tens digit of (z + (-1 - -2))*q?
2
Let i = -64 - -66. Suppose w = -2*w + 9. Suppose 0 = w*k + i*k - 145. What is the units digit of k?
9
Let g(b) = -b**2 - 9*b + 1. Suppose -2*h - 2*w = -0*w + 26, 5*h - 4*w = -29. Let r be g(h). What is the tens digit of (-8 - -7) + 23*r?
2
Suppose 3*z + 3*v - 3 = 0, 4*z - 3*z - 4*v = 21. Suppose 4 = -3*x + z*x. Suppose -13 = f - 5*y + x, 2*y = 2*f - 2. What is the units digit of f?
5
Let q = -30 - -49. Let s = 15 - q. What is the units digit of (-5)/(-5) + (0 - s)?
5
Let o be 336/(-18) + 4/6. Let y = 30 + o. What is the tens digit of 4*(y/1 - 4)?
3
Suppose 9*h - 87 - 3 = 0. What is the units digit of h?
0
Suppose -5*n + 2*t = -1318, 5*n - 3*n + 3*t = 531. Suppose -q - q + n = 0. What is the tens digit of q?
3
Let q = 136 - -673. What is the hundreds digit of q?
8
Let r = 1 + -4. Let v(n) = -n**2 - 4*n + 5. Let w be v(r). What is the units digit of ((-30)/w)/(2/(-8))?
5
Let w be (-1373)/((-6)/(5 + -11)). What is the hundreds digit of w/(-11) + 10/55?
1
Let o be (4 - 2)*(-25)/(-2). Let d = o - -10. What is the tens digit of d?
3
Let x(a) = -94*a + 42*a - 21 + 28*a. What is the hundreds digit of x(-6)?
1
What is the hundreds digit of (-65878)/(-20) + 60/600?
2
Suppose -33 = 4*b - 101. Suppose -2*i + 45 = b. Suppose -37 = -3*y + i. What is the tens digit of y?
1
Let h = -8 - -23. What is the units digit of ((-2)/(-3))/(h/2430)?
8
Suppose -4 - 36 = 8*p. Let t(a) = -a**2 + 3*a. Let m(y) = -5*y**2 + 12*y. Let z(o) = -2*m(o) + 9*t(o). What is the tens digit of z(p)?
1
Let f(q) = 121*q**2 - 30*q - 28. What is the units digit of f(-6)?
8
Let h(f) = -f**2 + 13*f + 14. Let w(z) = z**2 + 2*z - 5. Suppose -5*n = -3*q, 3*q - 4*n = 2*q + 7. Let p be w(q). What is the units digit of h(p)?
4
Let d(p) = -5*p**2 + 10*p - 3 + 0*p**2 + p**3 - 5*p. What is the units digit of d(4)?
1
Suppose -2*k + 3*q - 9 = 0, 4*k - 3*q = -20 + 5. Let h be (-374)/8 - k/4. Let r = h - -91. What is the units digit of r?
5
Let l = 3569 + -1417. What is the hundreds digit of l?
1
Suppose 3*h = 5*n - 3490, 9*n + 2*h = 5*n + 2814. What is the hundreds digit of n?
7
Let a(w) be the third derivative of 0 + 0*w**4 + 1/120*w**6 + 0*w - 7/6*w**3 - 1/15*w**5 + 3*w**2. What is the tens digit of a(5)?
1
Let s(d) = 4*d**3 + 2*d - 3. Suppose -q - 2*x = -0*q - 4, 0 = 3*q + 3*x - 9. What is the units 